 j?
1
Let l(r) = 75*r + 145. What is the units digit of l(16)?
5
Let f(t) = 4*t**3 + 2*t**2 - 2*t + 1. Let j be f(1). Suppose 5*h - 4*z - 9 = 0, -j*z - 3 - 2 = -5*h. Suppose 107 + 38 = h*u. What is the units digit of u?
9
Suppose 5*z - 27 = 4*c - 2, z - 5 = -2*c. Suppose c = -2*i - 3*b + 84 + 149, 2*b + 2 = 0. What is the units digit of i?
8
Let y(t) = t + 10. Let s be y(-4). Suppose -s*n + 71 + 133 = 0. What is the tens digit of n?
3
Suppose -125*a + 74*a + 59619 = 0. What is the units digit of a?
9
Let s = -81 - -81. Suppose 0 = -s*i - 2*i - 3*h + 173, -25 = 5*h. What is the units digit of i?
4
Let d be (-12)/15 + (-8)/(-10). Suppose d = -k - 6 + 19. Let w = 16 - k. What is the units digit of w?
3
Let s be (4/26 - 357/39)*1. Let i(a) = a**2 + 7*a + 5. Let w be i(-4). Let h = w - s. What is the units digit of h?
2
Let j(c) = -43*c + 275. What is the thousands digit of j(-27)?
1
Let q(n) = 5*n - 15. Let v be q(4). Suppose 3*u + 19 = v*s, -u + 5*s - 31 = -8. What is the units digit of u?
2
Suppose 17*v - 3027 = 14*v. Suppose 0 = -10*c + 161 + v. What is the hundreds digit of c?
1
Suppose -4520 = -12*m + 256. What is the units digit of m?
8
Let w(o) be the third derivative of -o**7/2520 + 11*o**6/720 + o**5/10 - 4*o**2. Let n(d) be the third derivative of w(d). What is the tens digit of n(-6)?
2
Let c = 1284 - 785. What is the tens digit of c?
9
Let q be 4/(-12) - 20/12. What is the tens digit of -30*(-3 + ((-16)/q)/4)?
3
Let f = -64 - -66. Let w(l) = -l**3 - l + 3. Let x be w(0). What is the units digit of (32 - f) + (-9)/x?
7
Let q be (-1)/(-2) + (-15)/6. Let v(f) = -5*f + 2. Let u be v(q). Let b = u + -4. What is the units digit of b?
8
Let z be (-2)/9 - (-8)/36. Suppose z = 2*g - 5*g + 129. What is the tens digit of g?
4
Let u(o) = 11*o + 3*o - 8*o - 2*o**2. Let k be u(4). What is the tens digit of ((-4)/k)/(2/136)?
3
Suppose 0 = -3*q + 326 - 65. Let p be 2/2 - q/3. What is the tens digit of 1 - (p - 3/3)?
3
Suppose 0 = c - 4*t + 8*t + 13, -3*c - 2*t + 1 = 0. Suppose 23 - 8 = -c*d. What is the tens digit of 1/(-5) + (-136)/d?
2
Let v(d) = -30*d + 609. What is the hundreds digit of v(-41)?
8
Suppose 0*h = -4*h - 3*u - 6, 4*h - 3*u = 6. Let o be -2 - (h - -2)*-33. Suppose -2*k + o = -8. What is the units digit of k?
6
Let d(g) = 73*g**2 + 28*g + 2. What is the units digit of d(-5)?
7
Let r(l) = 6*l**2 - 12*l - 63. What is the hundreds digit of r(-13)?
1
Let o be (9/3 - 4)*7*-105. Suppose 4*u + 744 = 4*p, -3*p + 5*u - o = -7*p. What is the tens digit of p?
8
Let h = 1122 + -604. What is the units digit of h?
8
Let y be -2 - (-3)/6*2. Let n be 90/(-1 - y - -1). Suppose w - n = -4*w. What is the units digit of w?
8
Suppose 0 = 5*a - 0*a - 30. Suppose -3*v + 197 = -3*t + 32, -3*v - 3*t = -135. Let x = a + v. What is the units digit of x?
6
Let z(l) be the second derivative of -l**4/12 - 13*l**3/6 - 13*l**2/2 - 2*l. Suppose 3*o + o + 28 = -3*x, -3*o - 46 = -4*x. What is the tens digit of z(o)?
1
Suppose -7*z + 3*z = -a + 94, -z - 3 = 0. Let t = 312 + -307. Suppose -3*n = -t*n + a. What is the units digit of n?
1
Suppose 0 = -4*w + w + 15. Let k be (-13)/w - 10/25. What is the tens digit of 95/(-15)*27/k?
5
Let q(p) = 4*p - 17. Let z be q(6). Let j(c) = -c**3 + 6*c**2 + 12*c - 19. What is the tens digit of j(z)?
1
Let s(v) = v**3 + 12*v**2 + 11*v + 8. Let d be s(-10). Let z = d - -29. Suppose -4*t + 33 = -z. What is the units digit of t?
0
Let n = -3 + 10. Let f = -1 - n. What is the units digit of 18/(-12)*f/6?
2
Suppose 2*m + 3797 = 5*q, 1488 = 2*q + 3*m - 46. What is the units digit of q?
1
Let f(a) = -a**3 + a**2 + 22. Let i be f(0). Let k = i + -40. Let l = 41 + k. What is the units digit of l?
3
Let h(k) = -2*k + 1 - 4*k**2 + 1 + 924*k**3 - 920*k**3. What is the units digit of h(4)?
6
Let b(m) = -85*m + 28. What is the tens digit of b(-12)?
4
Let j(y) = -112*y + 448. What is the tens digit of j(-5)?
0
Suppose -2*q + 9 = -5. Let m = -9 + q. What is the units digit of (-2)/(m - 48/(-27))?
9
Let h(q) = -803*q + 97. What is the tens digit of h(-2)?
0
Let a = 544 - 348. What is the units digit of a?
6
Let g = 0 - 0. Suppose g = w + t - 5, 4*w - t - 10 = -5. Suppose 4*l = f - 20, -5*f - 6*l + 4 = -w*l. What is the units digit of f?
4
Suppose -7*g + 18492 = -24460. What is the thousands digit of g?
6
Suppose -4*j + 2*k + 1397 = 7*k, 4*k + 1695 = 5*j. What is the tens digit of j?
4
Let x(n) = 271*n + 156. What is the hundreds digit of x(5)?
5
Let v(g) = -8*g**3 - 10*g**2 - 5*g - 40. What is the thousands digit of v(-7)?
2
Suppose 10*r - 11*r = -82. Suppose 3*v - 2*v = r. What is the tens digit of v?
8
Let w(h) be the second derivative of -5*h**3 - 11*h**2 - 2*h - 3. What is the hundreds digit of w(-8)?
2
Let t(r) = -15*r + 1. Let y be t(6). Suppose x - 117 = -4*w - 0, 249 = 2*x + 3*w. Let j = x + y. What is the units digit of j?
0
What is the hundreds digit of (-95)/(-19) - (-457*1 + 1)?
4
Suppose -2*t = 5*f - 30, 5*f + 17 = 3*t - 53. Suppose -5*s = -4*d - 12, 5*s - t = -0*s. What is the units digit of 2 - (1 + d + -10)?
9
Let o(m) be the first derivative of m**3/3 + 5*m**2/2 + 8*m - 14. What is the tens digit of o(6)?
7
Let m be ((-13)/2)/(4/(-8)). Let t = -162 - -189. Let l = m + t. What is the tens digit of l?
4
Let m(f) = -106*f. What is the tens digit of m(-2)?
1
Suppose -3*d + 6*d - 9 = j, 0 = 5*d + j - 23. Suppose d*g - 297 - 219 = 0. What is the tens digit of g?
2
Let u(a) = 7*a - 7*a**2 - a**3 + 4*a**3 - 2*a**3 + 9. What is the units digit of u(7)?
8
Suppose 3*g + 2*d - 1442 = 0, 5*d = -2*g + 1120 - 155. Suppose 8*j - g = -0*j. What is the units digit of j?
0
Suppose -k + 5*x = -24, -x + 16 = -5*x. Suppose 4*m = -k*g + 58 - 2, 5*m + 4*g = 67. Let z = 17 - m. What is the units digit of z?
6
Let u = -588 + 1165. What is the tens digit of u?
7
Suppose -5*k = -6*k - 5*g - 15, g + 3 = -2*k. Suppose 0 = m - k - 3. Suppose 3*u + m = 6*u. What is the units digit of u?
1
Suppose 0 = 3*r - 3 - 9. Suppose -r = -z + m, -4*z + 5*m + 9 = -7. Suppose -z*n - n = -80. What is the units digit of n?
6
Suppose -2*y - 155 = 175. What is the units digit of y/10*-2*3?
9
Suppose 0*d = d + 2. Let v be 3 - (14 + d + 3). What is the units digit of (v/(-10))/((-15)/(-50))?
4
Let c = -29 - -14. Let o = c - -23. What is the units digit of o?
8
Suppose 0 = -5*o - 4*c + 1053 + 1302, -o + 4*c = -495. What is the units digit of o?
5
Let f(o) = 2*o + 4. Let q be f(-3). Let g = 0 - 38. What is the tens digit of -8*1/q - g?
4
Let y(i) = -143*i**3 + i. Let n be y(-1). Suppose n = 4*w - 206. What is the tens digit of w?
8
Let j(f) be the first derivative of 7*f**5/60 - f**4/12 + f**3/6 - 7*f**2/2 - 8. Let a(m) be the second derivative of j(m). What is the tens digit of a(2)?
2
Suppose -3*w = 2*p - 6, w + 2*w + 5*p - 6 = 0. Suppose 2*y + 11*u - 107 = 6*u, 10 = w*u. What is the tens digit of y?
4
Suppose -2*o = -3*m + 12, m - 2*o = -m + 10. Let t = 1 + -1. Suppose t = 6*g - m*g - 24. What is the units digit of g?
6
Let n be (-26)/(-2) + 5/((-10)/(-6)). Suppose -3*c + 5 = 2*c, 2*c = -2*d + n. What is the units digit of d?
7
Let b be (-2)/(-4)*-1*-10. Let r(u) = -2*u**2 + 3*u + 4. Let g be r(2). Suppose b*a - 100 = -4*x, 75 = x + g*x + a. What is the tens digit of x?
2
Let q(v) = -3*v - 8. Let m be q(-6). Let f be 90/m - (0 + 0). What is the units digit of 1 + 0 + -3 + f?
7
Suppose -35*y = 7*y - 110502. What is the hundreds digit of y?
6
Let t(z) = -44*z**3 - 4*z**2 + z + 16. What is the thousands digit of t(-3)?
1
Let n(x) = x + 14. Let d be -7 + (-7)/((-7)/(-2)). Let p be n(d). Suppose -4*t + 15 = -p. What is the units digit of t?
5
Let p be (-1*(4 + -2))/((-10)/565). Suppose -607 = -5*v + p. What is the hundreds digit of v?
1
What is the units digit of (4 + -5)*(-1389)/(-3 + 6)?
3
Let o = -21 + 25. Suppose -m - 191 = -2*g, -4*g - o*m + 375 = m. What is the units digit of g?
5
Let w = 6 + -6. What is the tens digit of 1197/12 + (-2)/(-8) + w?
0
Suppose 5*k = -2*m + 5 - 24, -19 = -3*m + 2*k. Suppose -q = -2*f - 3*f - 127, -q = m*f - 143. What is the tens digit of q?
3
What is the units digit of (2*(-6)/(-4))/((-6)/(-860))?
0
What is the units digit of -8 - (-699 - (17 - 9))?
9
Let j be -5 - (2/1 - 6). What is the tens digit of -1 - j*((-2 - 1) + 52)?
4
Let c = 943 + 2186. What i